) = 5328*j - 106565. What is g(20)?
-5
Let y(z) = 175*z - 181. What is y(1)?
-6
Let t(m) = m**2 - 176*m + 329. Determine t(174).
-19
Let f(z) = 2*z**2 - 9*z + 1. Give f(7).
36
Let m(o) = 5605*o - 22435. Calculate m(4).
-15
Let t(v) = -198*v + 8967. Determine t(45).
57
Let p(c) = -4*c**3 + 87*c**2 + 21*c + 17. What is p(22)?
-5
Let r(i) = 40*i - 103. What is r(4)?
57
Let n(w) = -w**3 - 3*w**2 + 32*w + 78. Determine n(-6).
-6
Let i(p) = -1956*p - 7833. Determine i(-4).
-9
Let o(b) = 2*b**3 - 159*b**2 - 284*b + 3323. Give o(81).
2
Let r(q) = -23*q**2 - 37*q + 17. What is r(-2)?
-1
Let r(p) = 2*p**3 - 34*p**2 + 69*p + 233. What is r(14)?
23
Let n(p) = -82*p + 500. Give n(8).
-156
Let a(r) = r**3 + 2*r**2 - 76*r - 286. Give a(-7).
1
Let a(s) = -s**2 + 19*s + 26. Give a(25).
-124
Let d(k) = 2*k**2 + 563*k - 3423. Determine d(6).
27
Let n(a) = 147*a + 1025. Give n(-7).
-4
Let x(i) = -6*i**2 - 691*i + 2000. Determine x(-118).
-6
Let p(n) = 93*n + 337. Give p(-4).
-35
Let y(p) = -p**3 - 3*p**2 + 26*p + 8. What is y(0)?
8
Let u(f) = 748*f**2 - 11*f + 10. What is u(1)?
747
Let q(p) = -3*p**2 + 120*p - 519. Calculate q(35).
6
Let c(x) = 2738*x - 16426. Determine c(6).
2
Let h(b) = b**3 + 16*b**2 + 24*b + 122. Determine h(-15).
-13
Let s(c) = 4*c**3 - 49*c**2 + 141*c - 48. What is s(8)?
-8
Let j(f) = -389*f - 8207. Calculate j(-21).
-38
Let h(b) = -225*b + 10295. Determine h(46).
-55
Let l(g) = 2*g - 59. Give l(7).
-45
Let m(w) = 24*w - 49. Determine m(-1).
-73
Let p(j) = j**3 + 97*j**2 + 1604*j + 620. Determine p(-76).
12
Let b(f) = 20*f - 81. Determine b(15).
219
Let u(l) = -l**3 - 34*l**2 + 30*l - 153. What is u(-35)?
22
Let n(j) = 44*j**2 + 302*j - 43. Give n(-7).
-1
Let k(n) = -1533*n - 27598. What is k(-18)?
-4
Let l(r) = -41*r - 1072. Give l(-31).
199
Let v(r) = -125*r + 119. What is v(-2)?
369
Let k(g) = 144*g - 11803. Determine k(82).
5
Let f(k) = 7*k + 54. Determine f(-7).
5
Let q(k) = -503*k - 23639. Calculate q(-47).
2
Let z(l) = 39*l - 2228. Give z(56).
-44
Let t(a) = -a**3 + 30*a**2 - 45*a - 19. What is t(2)?
3
Let g(d) = 5*d**3 + d + 6. Give g(-4).
-318
Let p(s) = -2639*s + 121393. Calculate p(46).
-1
Let b(v) = 6*v**2 - 17*v + 20. Determine b(8).
268
Let n(z) = -3*z**2 + 28*z - 33. Determine n(1).
-8
Let k(u) = 7*u + 789. Determine k(-113).
-2
Let z(k) = -8*k**2 - 24*k - 6. Give z(-4).
-38
Let q(y) = 6*y**2 + 7*y + 8. Give q(4).
132
Let r(x) = -64*x - 1061. What is r(-10)?
-421
Let b(d) = -49*d - 60. Give b(-3).
87
Let a(m) = 1574*m + 7864. What is a(-5)?
-6
Let p(j) = 22*j + 1050. What is p(-58)?
-226
Let z(i) = -23*i**2 + 15*i + 10. Determine z(3).
-152
Let t(b) = -36*b**2 - 5*b + 5. Give t(2).
-149
Let n(u) = -36*u**2 - 8*u + 11. Determine n(2).
-149
Let q(a) = -a**3 - 19*a**2 - 6*a - 6. What is q(-18)?
-222
Let h(j) = 68*j + 7139. Determine h(-105).
-1
Let d(s) = 3*s**2 + 47*s + 5. Determine d(-13).
-99
Let t(j) = -4*j**2 - 212*j - 767. Determine t(-49).
17
Let s(d) = -d**3 + 38*d**2 - 298*d + 45. Determine s(28).
-459
Let l(k) = 17*k**2 - k + 20. Determine l(-7).
860
Let k(r) = 2*r**3 + 8*r**2 + r - 19. What is k(-3)?
-4
Let c(u) = -491*u - 1911. What is c(-4)?
53
Let m(y) = -38*y - 1057. What is m(-28)?
7
Let n(r) = -2*r**3 + 86*r**2 + 17*r - 790. Calculate n(43).
-59
Let d(c) = 164*c - 30. Give d(0).
-30
Let t(i) = -30*i + 1213. Calculate t(52).
-347
Let o(t) = 210*t + 1937. What is o(-10)?
-163
Let d(n) = 76*n - 599. Determine d(8).
9
Let d(h) = -58*h**2 + 6*h + 2. Determine d(2).
-218
Let p(z) = -z**3 + 11*z**2 + 46*z - 503. What is p(9)?
73
Let p(g) = 5*g**3 + 37*g**2 + 13*g - 6. Calculate p(-7).
1
Let o(g) = 70*g**2 + 40*g - 3. What is o(-2)?
197
Let s(x) = -3*x**3 + 315*x**2 + 2714*x - 216. Calculate s(113).
10
Let n(t) = 17*t + 805. Give n(-58).
-181
Let t(h) = -12*h**2 - 229*h + 1415. Calculate t(-24).
-1
Let h(y) = -y**3 - 10*y**2 - 9*y + 38. What is h(-9)?
38
Let a(k) = k**3 + 31*k**2 + 60*k + 69. Determine a(-29).
11
Let u(d) = d**3 + 23*d**2 + 28*d + 4. Give u(-22).
-128
Let l(o) = o**2 + 28*o + 176. Give l(-21).
29
Let b(q) = q**3 - 8*q**2 + 15*q + 9. What is b(6)?
27
Let d(r) = -r**3 - 36*r**2 + 252*r + 6. Determine d(-42).
6
Let g(c) = -c**2 - 888*c + 1772. What is g(2)?
-8
Let u(g) = -9*g - 292. Calculate u(-30).
-22
Let g(y) = -y**2 - 5*y + 615. Calculate g(0).
615
Let j(d) = d**3 - d**2 - 5. What is j(-2)?
-17
Let u(h) = h**2 + 11*h - 3. What is u(-1)?
-13
Let x(a) = a**3 + 12*a**2 + 227*a + 2721. Calculate x(-12).
-3
Let h(v) = v**3 - 15*v**2 - 13*v - 17. Give h(16).
31
Let o(q) = -5*q**2 + 68*q - 38. Calculate o(14).
-66
Let x(t) = -t**3 + 24*t**2 + 47*t + 119. Calculate x(26).
-11
Let d(t) = t**3 - 2*t**2 - 119*t - 15. Calculate d(12).
-3
Let c(n) = -518*n + 13452. Give c(26).
-16
Let q(d) = -151*d**2 + 1058*d + 11. What is q(7)?
18
Let x(t) = -3*t**2 + 57*t + 1686. Determine x(-16).
6
Let l(f) = 14*f - 110. Calculate l(14).
86
Let f(x) = -x**3 - 4*x**2 - 4*x - 15. Calculate f(-4).
1
Let y(t) = 83*t + 2746. What is y(-33)?
7
Let j(z) = 497*z + 11. Give j(0).
11
Let c(f) = -f**3 - 5*f**2 + 25*f - 1. Determine c(-11).
450
Let t(v) = 2*v**3 + 25*v**2 + 35*v + 34. Give t(-12).
-242
Let a(q) = -q**3 - 77*q**2 + 79*q + 93. Determine a(-78).
15
Let p(k) = k**2 + 93*k + 1020. Determine p(-16).
-212
Let f(p) = -1664*p + 103160. Give f(62).
-8
Let z(u) = 2*u**2 - 26*u - 382. Determine z(-11).
146
Let z(c) = -84*c + 3027. Calculate z(36).
3
Let r(o) = -o**3 - 13*o**2 - 163*o - 2480. Calculate r(-14).
-2
Let b(i) = i**3 + 127*i**2 - 664*i - 644. Give b(-132).
-116
Let m(w) = -14*w + 214. Determine m(28).
-178
Let i(f) = -107*f**2 - 1495*f + 21. Calculate i(-14).
-21
Let y(h) = -9*h**3 + 130*h**2 + 88*h - 186. Determine y(15).
9
Let a(p) = -p**3 + 11*p**2 - 36*p + 42. Calculate a(7).
-14
Let u(y) = y**3 + 41*y**2 - 388*y + 195. What is u(-49)?
-1
Let c(l) = 3*l - 15. What is c(-5)?
-30
Let x(q) = 22144*q - 155012. Calculate x(7).
-4
Let k(o) = 17*o + 307. Calculate k(-18).
1
Let c(s) = -14*s - 78. Calculate c(-34).
398
Let f(l) = -l**3 + 51*l**2 - 92*l - 377. What is f(49)?
-83
Let h(i) = -i**3 - 34*i**2 - 4*i - 156. Determine h(-34).
-20
Let h(k) = 4*k + 80. What is h(-21)?
-4
Let d(o) = -o**3 - 35*o**2 + 51*o + 88. Calculate d(-36).
-452
Let w(v) = -82*v - 1319. Calculate w(-16).
-7
Let k(j) = -62*j + 650. Give k(11).
-32
Let d(b) = -87*b + 595. Determine d(7).
-14
Let g(b) = -b**3 - 31*b**2 - 138*b - 41. Give g(-5).
-1
Let y(i) = 3*i**2 - 304. Calculate y(10).
-4
Let v(n) = -1447*n + 4335. Calculate v(3).
-6
Let s(w) = 122*w + 1047. Give s(-9).
-51
Let v(y) = -1561*y + 14047. What is v(9)?
-2
Let n(d) = -d**3 - 30*d**2 - 6*d - 194. Determine n(-30).
-14
Let f(h) = -h**3 + 3*h**2 + 6*h - 79. Determine f(0).
-79
Let k(i) = 3*i**2 - 164*i + 917. Calculate k(6).
41
Let t(p) = 4*p**3 - 57*p**2 + 8*p - 49. Calculate t(14).
-133
Let u(r) = -62*r**2 + 304*r - 219. Determine u(4).
5
Let y(n) = -n**3 - 9*n**2 + 27*n + 308. Calculate y(-7).
21
Let h(a) = a**3 - 5*a**2 - 43*a + 16. Determine h(9).
-47
Let a(z) = 3*z + 221. What is a(-47)?
80
Let u(t) = 25*t + 217. Determine u(-10).
-33
Let z(i) = -3*i**2 - 123*i - 7. Calculate z(-41).
-7
Let a(f) = -15*f + 78. Calculate a(0).
78
Let c(d) = -437*d + 2311. Determine c(5).
126
Let t(l) = 1190*l + 1197. Give t(-1).
7
Let x(i) = i**3 + 3*i**2 + i - 39. Calculate x(-5).
-94
Let t(c) = 2*c**3 + 27*c**2 + 8*c - 27. Determine t(-13).
38
Let l(f) = -79*f + 881. Determine l(11).
12
Let u(w) = 91*w + 42. Calculate u(3).
315
Let s(f) = -f**3 + f**2 + 62*f - 42. What is s(8)?
6
Let u(g) = -2*g - 8. What is u(-2)?
-4
Let a(h) = 544*h - 599. What is a(1)?
-55
Let d(f) = -397*f - 5955. Determine d(-15).
0
Let f(s) = -12*s + 67. Calculate f(48).
-509
Let b(d) = 3*d**2 - 449*d + 5196. Calculate b(137).
-10
Let s(w) = w**2 - 13*w - 896. Calculate s(-24).
-8
Let y(d) = -d**2 + 3430*d + 17191. Give y(-5).
16
Let z(r) = -69*r**2 + 52*r + 108. What is z(-2)?
-272
Let l(y) = -64*y**3 - 4*y**2 - 41*y + 43. Determine l(1).
-66
Let k(s) = 22*s**2 - 137*s + 15. Give k(6).
-15
Let p(s) = -s**2 + 104*s - 2558. Give p(40).
2
Let d(r) = -r**2 + 6686*r + 20057. Calculate d(-3).
-10
Let h(y) = 116*y - 464. Give h(3).
-116
Let i(j) = j**3 + 9*j**2 + 5*j - 16. Give i(-9).
-61
Let f(b) = 3098*b - 6200. Give f(2).
-4
L